{"id":12,"date":"2011-09-08T05:11:25","date_gmt":"2011-09-08T05:11:25","guid":{"rendered":"http:\/\/ingerhansson.com\/?page_id=12"},"modified":"2018-08-30T18:02:56","modified_gmt":"2018-08-30T16:02:56","slug":"om-boken","status":"publish","type":"page","link":"http:\/\/ingerhansson.com\/?page_id=12","title":{"rendered":"Om boken"},"content":{"rendered":"\n<h4 class=\"wp-block-heading\">12 talares tankar om Kommunikation<\/h4>\n\n\n<div class=\"wp-block-image\">\n<figure class=\"alignright\"><img loading=\"lazy\" decoding=\"async\" width=\"200\" height=\"260\" src=\"http:\/\/ingerhansson.com\/wp-content\/uploads\/2018\/08\/boken_20180828_edited-e1535644475585.png\" alt=\"\" class=\"wp-image-242\"\/><\/figure>\n<\/div>\n\n\n<p>Vad g\u00f6r du om du m\u00e5ste kommunicera men inte vill? Hur f\u00e5r du ig\u00e5ng en dialog i ett storm\u00f6te? G\u00e5r det att r\u00e4dda dina tr\u00e5kiga PowerPoint-bilder? Har ni utmaningar i er interna kommunikation? Har du sv\u00e5rt att f\u00f6rst\u00e5 det andra k\u00f6net? Hur kan du kommunicera p\u00e5 topp n\u00e4r du tr\u00e4ffar en kund, en kollega eller en medm\u00e4nniska?<br\/>\n    H\u00e4r f\u00e5r du tolv talares unika tankar om kommunikation. M\u00e4n\u00adniskor som ger inspirerande och kunskapsfyllda f\u00f6rel\u00e4sningar till f\u00f6retag, skolor, kommuner och andra organisationer i Sverige och v\u00e4rlden. N\u00e5gra ger dig konkreta tipslistor, medan andra bjuder p\u00e5 tankar, teser eller tr\u00e4ffande ber\u00e4ttelser. Varje talare har sitt eget \u00e4mnesomr\u00e5de, sitt eget spr\u00e5kbruk och sitt eget kapitel.<\/p>\n\n\n\n<p>Kan k\u00f6pas <a href=\"https:\/\/www.adlibris.com\/se\/bok\/12-talares-tankar-om-kommunikation-9789186293468\">via AdLibris<\/a><br\/>eller s\u00e5 kan du best\u00e4lla boken genom att maila till <a href=\"mailto:info@ingerhansson.se\">info@ingerhansson.se<\/a> s\u00e5 f\u00e5r du den signerad: Pris 125.- + fraktp\u00e5se 55.-<\/p>\n\n\n\n<hr class=\"wp-block-separator\"\/>\n\n\n<p><strong>V\u00e5ga mer, \u00e4n du t\u00f6rs!<img loading=\"lazy\" decoding=\"async\" class=\"alignright size-full wp-image-44\" title=\"V\u00e5ga mer, \u00e4n du t\u00f6rs!\" src=\"http:\/\/ingerhansson.com\/wp-content\/uploads\/2011\/09\/boken.gif\" alt=\"V\u00e5ga mer, \u00e4n du t\u00f6rs!\" width=\"223\" height=\"280\"><\/strong><\/p>\n<p>Det h\u00e4r en p\u00e5minnelsebok om vad du redan vet inom dig. Men vi beh\u00f6ver alla p\u00e5minna oss om vad som \u00e4r viktigt i livet. Ge dig sj\u00e4lv lugn och harmoni. Det \u00e4r du v\u00e4rd! T\u00e4nk p\u00e5, att det bara finns en av dig!<\/p>\n<p>Du kan best\u00e4lla boken genom att maila till <a title=\"Kontakta Inger Hansson!\" href=\"mailto:info@ingerhansson.se\">info@ingerhansson.se<\/a> s\u00e5 f\u00e5r du den signerad, priset \u00e4r d\u00e5 50:- + porto 35:- eller via <a title=\"&quot;V\u00e5ga mer, \u00e4n du t\u00f6rs!&quot; p\u00e5 Bokus.se\" href=\"http:\/\/www.bokus.com\/bok\/9789163137228\/vaga-mer-an-du-tors\/\" target=\"_blank\" rel=\"noopener\">Bokus<\/a> eller Bokrondellen p\u00e5 internet eller k\u00f6pa den i bokhandeln.<\/p>","protected":false},"excerpt":{"rendered":"<p>12 talares tankar om Kommunikation Vad g\u00f6r du om du m\u00e5ste kommunicera men inte vill? Hur f\u00e5r du ig\u00e5ng en dialog i ett storm\u00f6te? G\u00e5r det att r\u00e4dda dina tr\u00e5kiga PowerPoint-bilder? Har ni utmaningar i er interna kommunikation? Har du &hellip; <a class=\"more-link\" href=\"http:\/\/ingerhansson.com\/?page_id=12\">L\u00e4s mer <span class=\"meta-nav\">&rarr;<\/span><\/a><\/p>\n","protected":false},"author":1,"featured_media":0,"parent":0,"menu_order":4,"comment_status":"closed","ping_status":"closed","template":"paget-page2col.php","meta":{"footnotes":""},"class_list":["post-12","page","type-page","status-publish","hentry"],"_links":{"self":[{"href":"http:\/\/ingerhansson.com\/index.php?rest_route=\/wp\/v2\/pages\/12","targetHints":{"allow":["GET"]}}],"collection":[{"href":"http:\/\/ingerhansson.com\/index.php?rest_route=\/wp\/v2\/pages"}],"about":[{"href":"http:\/\/ingerhansson.com\/index.php?rest_route=\/wp\/v2\/types\/page"}],"author":[{"embeddable":true,"href":"http:\/\/ingerhansson.com\/index.php?rest_route=\/wp\/v2\/users\/1"}],"replies":[{"embeddable":true,"href":"http:\/\/ingerhansson.com\/index.php?rest_route=%2Fwp%2Fv2%2Fcomments&post=12"}],"version-history":[{"count":1,"href":"http:\/\/ingerhansson.com\/index.php?rest_route=\/wp\/v2\/pages\/12\/revisions"}],"predecessor-version":[{"id":250,"href":"http:\/\/ingerhansson.com\/index.php?rest_route=\/wp\/v2\/pages\/12\/revisions\/250"}],"wp:attachment":[{"href":"http:\/\/ingerhansson.com\/index.php?rest_route=%2Fwp%2Fv2%2Fmedia&parent=12"}],"curies":[{"name":"wp","href":"https:\/\/api.w.org\/{rel}","templated":true}]}}